der when 179 is divided by 42?
11
What is the remainder when 872 is divided by 124?
4
Calculate the remainder when 626 is divided by 28.
10
What is the remainder when 15014 is divided by 39?
38
Calculate the remainder when 782 is divided by 28.
26
What is the remainder when 1032 is divided by 94?
92
Calculate the remainder when 61 is divided by 1.
0
What is the remainder when 908 is divided by 76?
72
What is the remainder when 5209 is divided by 27?
25
What is the remainder when 9896 is divided by 18?
14
Calculate the remainder when 86 is divided by 22.
20
What is the remainder when 300 is divided by 123?
54
What is the remainder when 184 is divided by 93?
91
What is the remainder when 12440 is divided by 87?
86
What is the remainder when 922 is divided by 309?
304
What is the remainder when 290 is divided by 3?
2
Calculate the remainder when 350 is divided by 20.
10
Calculate the remainder when 327 is divided by 286.
41
Calculate the remainder when 2221 is divided by 43.
28
What is the remainder when 12 is divided by 8?
4
Calculate the remainder when 1950 is divided by 93.
90
What is the remainder when 143 is divided by 78?
65
What is the remainder when 85 is divided by 31?
23
Calculate the remainder when 389 is divided by 11.
4
Calculate the remainder when 795 is divided by 57.
54
What is the remainder when 115 is divided by 29?
28
What is the remainder when 303 is divided by 115?
73
Calculate the remainder when 12 is divided by 3.
0
What is the remainder when 58 is divided by 30?
28
Calculate the remainder when 14189 is divided by 19.
15
What is the remainder when 114 is divided by 9?
6
What is the remainder when 4652 is divided by 49?
46
What is the remainder when 1752 is divided by 258?
204
Calculate the remainder when 851 is divided by 422.
7
Calculate the remainder when 442 is divided by 70.
22
What is the remainder when 1584 is divided by 13?
11
What is the remainder when 269 is divided by 21?
17
Calculate the remainder when 297 is divided by 29.
7
Calculate the remainder when 220 is divided by 104.
12
Calculate the remainder when 1018 is divided by 30.
28
Calculate the remainder when 866 is divided by 51.
50
Calculate the remainder when 1461 is divided by 8.
5
Calculate the remainder when 2177 is divided by 699.
80
What is the remainder when 620 is divided by 89?
86
Calculate the remainder when 2153 is divided by 98.
95
Calculate the remainder when 334 is divided by 178.
156
What is the remainder when 1374 is divided by 30?
24
What is the remainder when 4301 is divided by 105?
101
What is the remainder when 372 is divided by 47?
43
Calculate the remainder when 116 is divided by 18.
8
Calculate the remainder when 1 is divided by 1.
0
Calculate the remainder when 6526 is divided by 68.
66
What is the remainder when 126 is divided by 47?
32
Calculate the remainder when 4353 is divided by 51.
18
What is the remainder when 251 is divided by 51?
47
Calculate the remainder when 30455 is divided by 97.
94
What is the remainder when 105 is divided by 27?
24
What is the remainder when 105 is divided by 12?
9
Calculate the remainder when 2762 is divided by 917.
11
What is the remainder when 9298 is divided by 15?
13
Calculate the remainder when 561 is divided by 47.
44
Calculate the remainder when 557 is divided by 43.
41
Calculate the remainder when 195 is divided by 49.
48
Calculate the remainder when 1374 is divided by 9.
6
What is the remainder when 40 is divided by 25?
15
What is the remainder when 2717 is divided by 78?
65
What is the remainder when 441 is divided by 2?
1
Calculate the remainder when 528 is divided by 110.
88
Calculate the remainder when 140 is divided by 35.
0
Calculate the remainder when 214 is divided by 164.
50
Calculate the remainder when 426 is divided by 30.
6
What is the remainder when 471 is divided by 61?
44
What is the remainder when 1835 is divided by 265?
245
What is the remainder when 2040 is divided by 568?
336
Calculate the remainder when 2246 is divided by 560.
6
What is the remainder when 24273 is divided by 229?
228
Calculate the remainder when 557 is divided by 207.
143
Calculate the remainder when 413 is divided by 396.
17
Calculate the remainder when 618 is divided by 204.
6
What is the remainder when 6855 is divided by 361?
357
Calculate the remainder when 600 is divided by 3.
0
Calculate the remainder when 293 is divided by 26.
7
What is the remainder when 331 is divided by 178?
153
What is the remainder when 142 is divided by 16?
14
Calculate the remainder when 3131 is divided by 27.
26
What is the remainder when 738 is divided by 19?
16
What is the remainder when 375 is divided by 34?
1
What is the remainder when 464 is divided by 52?
48
What is the remainder when 603 is divided by 67?
0
Calculate the remainder when 957 is divided by 39.
21
What is the remainder when 250 is divided by 141?
109
What is the remainder when 1207 is divided by 315?
262
What is the remainder when 285 is divided by 7?
5
What is the remainder when 545 is divided by 14?
13
Calculate the remainder when 572 is divided by 93.
14
Calculate the remainder when 372 is divided by 122.
6
Calculate the remainder when 285 is divided by 11.
10
Calculate the remainder when 180 is divided by 46.
42
What is the remainder when 85 is divided by 23?
16
Calculate the remainder when 3500 is divided by 34.
32
What is the remainder when 203 is divided by 103?
100
What is the remainder when 402 is divided by 74?
32
Calculate the remainder when 593 is divided by 54.
53
What is the remainder when 160 is divided by 21?
13
What is the remainder when 216 is divided by 77?
62
Calculate the remainder when 275 is divided by 76.
47
What is the remainder when 171 is divided by 18?
9
What is the remainder when 5472 is divided by 56?
40
What is the remainder when 126 is divided by 43?
40
What is the remainder when 253 is divided by 27?
10
What is the remainder when 299 is divided by 119?
61
Calculate the remainder when 339 is divided by 102.
33
Calculate the remainder when 82 is divided by 46.
36
Calculate the remainder when 267 is divided by 27.
24
What is the remainder when 142 is divided by 66?
10
Calculate the remainder when 1228 is divided by 82.
80
What is the remainder when 1221 is divided by 401?
18
What is the remainder when 1542 is divided by 171?
3
Calculate the remainder when 542 is divided by 68.
66
Calculate the remainder when 22701 is divided by 528.
525
Calculate the remainder when 2309 is divided by 231.
230
What is the remainder when 335 is divided by 7?
6
Calculate the remainder when 173 is divided by 94.
79
Calculate the remainder when 461 is divided by 29.
26
Calculate the remainder when 28191 is divided by 121.
119
What is the remainder when 655 is divided by 84?
67
What is the remainder when 611 is divided by 190?
41
Calculate the remainder when 119 is divided by 33.
20
What is the remainder when 259 is divided by 8?
3
Calculate the remainder when 10729 is divided by 147.
145
What is the remainder when 256 is divided by 92?
72
Calculate the remainder when 163 is divided by 11.
9
What is the remainder when 334 is divided by 87?
73
Calculate the remainder when 141 is divided by 22.
9
What is the remainder when 25 is divided by 12?
1
What is the remainder when 171 is divided by 88?
83
What is the remainder when 1304 is divided by 87?
86
Calculate the remainder when 1362 is divided by 45.
12
What is the remainder when 319 is divided by 14?
11
What is the remainder when 122 is divided by 57?
8
Calculate the remainder when 2216 is divided by 30.
26
What is the remainder when 329 is divided by 117?
95
Calculate the remainder when 92 is divided by 67.
25
What is the remainder when 685 is divided by 169?
9
Calculate the remainder when 190 is divided by 63.
1
What is the remainder when 56 is divided by 21?
14
What is the remainder when 54 is divided by 14?
12
Calculate the remainder when 16319 is divided by 120.
119
What is the remainder when 4350 is divided by 68?
66
Calculate the remainder when 9688 is divided by 57.
55
Calculate the remainder when 160 is divided by 67.
26
What is the remainder when 686 is divided by 583?
103
What is the remainder when 141 is divided by 39?
24
What is the remainder when 908 is divided by 11?
6
What is th